2 + (6 + -4 - 3)
-3
What is the value of -4 + 1 + 2 - 2?
-3
What is the value of 2 + (2 + -5 - -2)?
1
Evaluate -13 - -13 - (1 + 4) - -8.
3
Calculate (1 - 0) + 1 + -2 + 2.
2
-1 - (8 - 0 - (2 + 2))
-5
Evaluate -2 + 3 + 0 + (8 - 5).
4
Calculate -1 + 19 + -8 + -6.
4
Evaluate (-1 - 2) + 4 + 2.
3
8 + -1 + -1 - 5
1
What is 0 + (1 - 0) + 1?
2
Evaluate 3 - (-2 + 4 - -8 - 3).
-4
Calculate -7 + 22 - (1 - -4) - 6.
4
Evaluate 0 + -3 + 6 + -2.
1
What is 6 - 1 - (61 - 55)?
-1
-1 - (6 + -4 + 3) - -16
10
2 - (0 + (4 + 0 - 4))
2
(-7 - -10) + 6 - 5
4
Calculate 1 - -2 - (9 - (5 - 1)).
-2
Evaluate (62 - 63) + (-2 + 2 - 0).
-1
Calculate 9 - (2 - (1 + -4)).
4
Calculate (2 - -1) + (-2 + -3 - -5).
3
Calculate -8 + 10 + -10 + 6.
-2
What is the value of 3 + 5 + 3 - 5?
6
What is the value of -1 - -2 - (-1 + 6)?
-4
Evaluate -3 + 0 - (12 + (-7 - 14)).
6
Calculate (6 - -1) + (-104 - -107).
10
What is the value of -8 + 4 + -1 - (-3 + 1)?
-3
Calculate 8 - 12 - (1 + -3 - -5).
-7
What is the value of 5 + 2 + 10 + -10?
7
Calculate 7 - 12 - (3 + -12).
4
What is the value of 0 - (-2 + 0) - -3?
5
What is -3 + -6 + 2 + -2?
-9
(-8 - (5 - 7)) + 5
-1
3 + -4 + (0 - (-3 - 0))
2
Evaluate 2 - 7 - ((-14 - 0) + 5).
4
What is (-9 - -2 - (24 + -25)) + -1?
-7
Calculate -9 + 2 + (1 - 1) + 3.
-4
1 - 2 - (0 + -5)
4
Calculate (-3 - 1) + -4 + 6 + -3.
-5
Calculate (-1 - (1 - -3 - 1)) + 8.
4
Calculate 3 + -8 + (0 - 0 - -5).
0
14 - (-3 + 5) - 6
6
Evaluate 2 - (-3 - (0 + -3 + 2)).
4
What is the value of (1 - (8 + 1)) + 1 + 0?
-7
Calculate ((-4 - -1) + 5 - 1) + -5.
-4
Evaluate 2 + 9 + 82 + -97.
-4
Calculate -3 - (-3 - 1) - (-10 - -15).
-4
What is the value of 5 + -2 + 2 + (-26 - -28)?
7
Evaluate 8 + -1 + -12 + 1 - 2.
-6
What is 1 + -3 + 10 + -2 - 1?
5
Evaluate (8 - 2) + -4 - (0 - 3).
5
Evaluate 0 - -1 - (3 + -2) - -2.
2
Evaluate -4 - -4 - (-1 + -2 + 1).
2
Calculate 0 - -1 - (1 - (-9 + 3)).
-6
Evaluate 19 + -16 + 2 - (1 - -5).
-1
What is 4 + 4 + -1 + -3?
4
What is 1 - (-3 + -2 + 5) - 0?
1
Evaluate -1 + (-3 - -8) + -7.
-3
12 + -18 + (-2 - (-7 - 1))
0
Calculate 0 - (-1 + (1 - -2)).
-2
Calculate (0 - -9 - 13) + 1 + 1.
-2
Calculate 12 + -16 - (3 + (1 - -3)).
-11
What is the value of (-9 - (8 - 3)) + (5 - 0)?
-9
What is the value of 6 + -5 + -2 - -5?
4
What is the value of 7 + (4 + -4 - (0 - -2))?
5
What is (1 - 1) + (-2 - (-2 - -3))?
-3
Evaluate 0 - (-4 - 1) - (0 - -2).
3
What is the value of 5 + -3 + 17 + -16?
3
What is the value of 5 - (2 - 1) - (6 + 3)?
-5
What is -2 + 7 - ((1 - -5) + 0)?
-1
Evaluate 0 - (-1 - 1 - (0 - 3)).
-1
Calculate -7 + (4 - -3) - -1.
1
What is the value of -8 + 4 - (-5 + -3 - -1)?
3
What is -6 + 10 + -3 + -1?
0
Evaluate -4 + (-5 - -18 - 10).
-1
(-6 + 7 - (6 + 0)) + 1
-4
3 - (4 + -1 + -1)
1
(1 - 0) + (17 - 20)
-2
Calculate (4 - 3) + 6 - 6.
1
Calculate -12 + 1 + 2 + (5 - 2).
-6
What is 5 - (9 - (2 - -3))?
1
Calculate -5 + 0 - 2 - (-4 - 2).
-1
Calculate 3 + 0 + 4 - (1 - -3).
3
Evaluate -4 - ((5 - 6) + (3 - 1)).
-5
Calculate 6 + -2 + (-3 - -1 - -2).
4
10 - 3 - (14 + -1)
-6
-1 + 5 - (-7 + 14)
-3
What is (-5 + 16 - 8) + (1 - 0)?
4
What is -5 + (-2 - (6 - 10))?
-3
What is -2 - -2 - 4 - -6?
2
What is the value of (2 - (2 + 0)) + 5?
5
Calculate 3 + -5 + -3 + 8.
3
What is the value of 6 + -2 + 0 + -2?
2
Evaluate (-2 - 6) + 3 + -2.
-7
Calculate (4 - 1) + (-5 - -9) + -5.
2
What is the value of -1 - ((-6 - -8) + -3)?
0
Evaluate (4 - 0 - 8) + 5.
1
What is (4 - 4) + -1 + (2 - -3)?
4
Calculate 2 - 6 - -5 - (1 + 1).
-1
What is (2 - 1) + (-9 - (-6 - -8))?
-10
0 - (3 - 1) - (-21 + 17)
2
Evaluate -6 + -10 - -11 - -11.
6
What is (-5 - 3) + (-9 - -19 - 8)?
-6
Calculate -4 - (0 + 1 + (1 - 1)).
-5
Evaluate (-9 - -2) + 0 + (3 - 1).
-5
Calculate -3 - -1 - (2 - 4).
0
7 + 0 + 6 + -16
-3
Calculate 2 + -9 + (-5 - -7).
-5
9 + -8 + (4 - 3)
2
3 - (3 + 2 + -1)
-1
Evaluate -8 + -8 + (-8 - -32).
8
What is the value of -2 + 4 + -6 + 2?
-2
What is the value of 2 + (-6 - 1) - (244 - 240)?
-9
(-1 - (0 - 0)) + -2
-3
5 - 10 - (-2 + -1)
-2
4 + 1 + 3 + -8 + -2
-2
Calculate 3 + -12 + (-1 - 2) + 6.
-6
Evaluate -9 + (18 - (-8 - -20)).
-3
Evaluate (1 - -3) + -12 + -2 + 2.
-8
What is 0 + 3 + -12 + 5 + 10?
6
Calculate 3 + -8 + (1 + 2 - 2).
-4
Calculate -3 - (1 + -1 + -8).
5
What is the value of 14 + -9 + (-1 - 4) + 1?
1
Evaluate -2 + -5 + 9 + -7.
-5
-11 + (3 - -5) - -2
-1
-5 - (-2 - -4) - 0
-7
What is 3 + -7 - (-1 - -2)?
-5
(0 - (4 - 18)) + -18
-4
Calculate 2 - 1 - (31 + -28).
-2
-5 + 10 + (0 - -8 - 8)
5
Calculate -1 + 1 - (18 - (-9 - -19)).
-8
Evaluate (9 - -1) + 1 + -3.
8
Evaluate -3 - (3 + 1 - (-2 + 12)).
3
What is 67 + -63 - (1 + 4)?
-1
What is (5 - 7 - 3) + 3 + 4?
2
Evaluate -1 + 1 + 0 + 5 + -4.
1
What is the value of -2 + -2 + 4 + 0?
0
What is 2 - 1 - (12 - 2 - 3)?
-6
(0 - -6) + -3 + 4 + -3
4
Calculate 4 + (-5 + 3 - 2) - 3.
-3
What is 6 + 6 - 9 - (-1 + 2)?
2
Evaluate (2 - (-1 + 4)) + -1 + 1.
-1
What is -3 + (-1 - (-1 + -3)) + 0?
0
(1 - 1) + (-6 + -6 - -14)
2
What is the value of 3 - 4 - 5 - -10?
4
Evaluate 4 - ((-4 - -8) + -3).
3
4 - 1 - ((-8 - -12) + -7)
6
Evaluate 3 + -5 - (-3 + 4).
-3
What is (10 - ((3 - -6) + -3)) + -2?
2
What is -10 - -12 - (0 - -1)?
1
Calculate 1 - (5 - (3 + -3)).
-4
0 + (-8 + 4 - (2 - 6))
0
What is (1 - 4) + 11 + -8?
0
(1 - 1) + (46 - 45)
1
Evaluate -1 - (3 - (-2 + 8)) - 7.
-5
What is -2 + (2 - 4) + 6?
2
Evaluate (11 - 10) + (-6 - -3 - -2).
0
Calculate 4 - 4 - (-2 - -2).
0
Calculate -1 + 2 + -3 + (3 - 0).
1
(5 + -2 - 5) + 0
-2
What is -6 - (-2 + (-6 + 1 - -3))?
-2
Evaluate 12 - 2 - (-6 + 13 + -1).
4
(1 - 0) + 2 + 1 + -4
0
What is 47 + -39 + -7 + -3?
-2
What is -1 + (-2 - -1) + 32 + -33?
-3
What is -4 + (5 - (1 - -2))?
-2
Evaluate -1 - (-4 + 0 + 7 + 0).
-4
What is (16 + -30 - (0 - 5)) + 3?
-6
What is the value of 1 + -8 - (6 - 9)?
-4
What is (0 - 4) + (-4 - (-2 - 3))?
-3
(7 - 3) + -7 - -3
0
What is the value of -2 - (-1 - 1) - 2 - -3?
1
What is the value of (-1 + 4 + -4 - 4) + 4?
-1
Evaluate -3 + -1 - (-12 - (4 - 9)).
3
What is -3 - 4 - (-6 + -2) - -10?
11
Evaluate -8 + (2 - 9 - (-1 - 14)).
0
What is the value of -3 - 5 - (-16 + 6)?
2
Calculate -1 - -4 - (-120 - -131).
-8
What is the value of -1 + 0 - (4 + 2 + -4)?
-3
3 + -1 - (1 + 1 + 4)
-4
Evaluate (-7 - -4) + -6 + 14.
5
What is -7 - 1 - (-3 + 1 + -1)?
-5
-5 - (1 - (4 - 3))
-5
(16 - (-2 + 10)) + -1
7
Evaluate (2 - 1 - 2 - 2) + 6.
3
What is the value of -2 + 4 + (-4 - 0) + 1?
-1
What is the value of (-7 - -2) + 6 + -1?
0
Evaluate -3 + (0 + 4 - 2 - 2).
-3
What is 0 - (-1 - (-4 - -3))?
0
(6 - (-4 - -5)) + -5 + -4
-4
What is the value of -5 - (-3 - (-4 - -6))?
0
Evaluate -6 + -3 + 9 + -6 - 2.
-8
What is -1 - ((-9 + 7 - -17) + -9)?
-7
Calculate 2 + (-1 - (4 - (2 + -3))).
-4
(-121 - -113) + -1 + 1
-8
Evaluate -1 - (6 - 7) - -5.
5
Evaluate (2 - 0) + (10 - 11) - -5.
6
What is 3 + (1 - 13 - -1) + 4?
-4
(-7 - -3) + 6 + 1 + 2
5
Calculate 0 + (-1 - -4) - (4 - 6).
5
Evaluate 8 + -4 + 3 + -10.
-3
-1 + 15 + (-24 - (-9 + -10))
9
What is the value of 4 - (-4 + 7 + 0)?
1
What is (-10 - -9 - -3) + (-1 - -5)?
6
Calculate 2 - (-2 - 0 - -1).
3
Calculate -15 - -8 - (1 - 12).
4
(0 - (8 - 3)) + (45 - 42)
-2
Calculate (-19 + 11 - 0) + (-2 - -6).
-4
What is the value of -3 + 6 + 1 + 8 + -9?
3
What is (-1 + -1 - (-1 - 1)) + 5?
5
What is (5 + -2 - 6) + 5?
2
-4 + (8 - 3) + 1
2
-3 + 0 + 9 + (6 - 3)
9
7 + (0 - 9) + 1
-1
What is (0 - 3 - -2) + -4?
-5
Calculate (-3 - (-4 - -2) - 1) + -2.
-4
Evaluate -5 - (-14 + 1 - (7 - 12)).
3
-3 + 9 + -8 + 1
-1
Evaluate 0 + (1 - 3) - -4.
2
What is the value of 5 + -1 + (3 - 3) - -1?
5
What is 1 + -1 + 2 + 4 + -5?
1
What is the value of 4 + (-2 + 3 - 0)?
5
Evaluate -2 + (33 + -11 - 9).
11
What is the value of -6 - (12 + -6 + -16) - 4?
0
What is the value of 0 + (7 - 3) - 3?
1
What is the value of (3 - 1) + (-10 - -14)?
6
What is -5 + (13 - 6) - 1?
1
What is the value of -1 + (5 - 0 - (-24 + 29))?
-1
(-12 + 2 - -9) + (0 - -2)
1
What is -3 + (-1 + -2 + 1 - -9)?
4
-3 - (11 - (5 + 6))
-3
Calculate -3 - (-6 - 0) - 0.
3
Evaluate -3 + -1 + 6 + (1 - 1).
2
-8 - (-8 - (-3 + 0 + 4))
1
What is 9 + -3 - (-10 - -15)?
1
Evaluate 19 + (-7 - 6) + 5.
11
Calculate -1 - (-2 + 1) - (0 - 1).
1
What is 4 - 1 - -1 - 2 - 2?
0
Calculate -3 + -5 + 4 + 1 + -2.
-5
What is the value of -1 - (-4 - -6) - (-2 + -1)?
0
What is the value of 6 + -10 + (1 - 4)?
-7
9 + (13 - -1 - 14)